third derivative of i**5/60 + i**4/24 + i**3/3 + 2*i**2. Let c be s(0). Suppose c*w + 1032 = -2*r + 6*r, -10 = -5*w. Is r composite?
True
Let r = -2 + -2. Let g be (r/6)/((-1)/6). Is -55*(-3 + -2 + g) prime?
False
Let y(a) = -a**3 + 4*a**2 + 4*a - 2. Suppose -3*h = u + 2*u + 18, -3*u - 22 = -h. Let p = u + 11. Is y(p) a composite number?
True
Is ((-4)/8)/((-1)/3242) a composite number?
False
Let a be 94/(-4) - (-8)/16. Let q = a - -11. Is q/(-54) + (-124)/(-9) a prime number?
False
Let k be 15/(-6)*(0 - 2). Suppose r - 20 = k. Is r prime?
False
Suppose 2*a - 50 = 266. Is a prime?
False
Let f be (-20)/80 + (-73)/(-4). Is 4/f - 11307/(-27) a composite number?
False
Let r = 7 - 4. Let n(g) = g**2 - 9*g + 16. Let x be n(7). Is (40/r + x)*3 prime?
False
Is 171/3*3/9 composite?
False
Suppose 0 = -b - 0*b. Let d be (6 + b)*15/5. Let g = d + -9. Is g a prime number?
False
Suppose 2788 + 1590 = 2*g. Is g a prime number?
False
Let s(l) = l**3 + 7*l**2 + l + 5. Let k be s(-7). Let o(f) be the second derivative of f**4/6 + f**3/6 + f**2/2 - f. Is o(k) a composite number?
False
Let o(p) = -33*p - 4. Is o(-3) composite?
True
Suppose 6*h - 11*h = -10895. Is h composite?
False
Let z = 48 + -48. Let x(f) = -f**3 - 4*f**2 - 3*f. Let w be x(-3). Suppose 2*r - 5*d - 248 = z, w*r = -4*r + 5*d + 486. Is r a prime number?
False
Let j = 0 - -215. Suppose j = 4*n + n. Is n composite?
False
Let r(u) = 3*u + 5. Let b be r(8). Let a = b - 7. Is a prime?
False
Suppose 0*w - 5*w + 15 = 0. Suppose l - w*d = 305 + 3, 5*l = d + 1470. Is l a prime number?
True
Let a(p) be the second derivative of 0 + 55/2*p**2 - 1/6*p**3 + 2*p. Is a(0) prime?
False
Suppose 2*c - 3 = -c + 3*r, 5*r + 23 = -4*c. Let a(o) = -49*o**2 + o - 2. Let h be a(c). Is h/(-8) - -1*1 a composite number?
True
Let s(h) = 4*h + 14. Is s(8) a composite number?
True
Let u = 101 - 72. Is u/(-2)*-4 - 0 a composite number?
True
Suppose 4*t - 115 - 33 = 0. Is t composite?
False
Let d = -13 - -16. Suppose 844 = d*b + b. Is b a composite number?
False
Let s(u) = 2*u + 1. Let p be s(1). Suppose -p*t + 38 = -t. Is t composite?
False
Is 0 + 4/2 - (-160 - 1) prime?
True
Is (268/(-8))/(1/(-2)) prime?
True
Suppose i = -2*i + 9. Let y be 6/(-2*(-3)/(-4)). Let f = i - y. Is f composite?
False
Let t(o) = 5*o - 9. Let a = 4 + 2. Is t(a) a composite number?
True
Let l(n) = n**2 + 11*n - 9. Let y be l(-12). Suppose x - 3*x = 6, -x = y*r - 399. Is r/(-4)*(3 + -5) prime?
True
Suppose y + 2*s - 869 = 0, -4*y - 103 = -5*s - 3631. Is y a prime number?
True
Is (-5)/(10/8) - -230 a composite number?
True
Let l(u) = -u**2 + 14*u + 5. Suppose 2*j - 7 - 9 = 0. Suppose a - 5*b = -3*b + j, 3*a + b - 24 = 0. Is l(a) composite?
False
Let v(z) = 2*z**2 + 4*z + 3. Let u be v(-2). Suppose -u*g + 178 + 35 = 0. Is g a prime number?
True
Suppose 0 = -5*v + 3*x - 1165, 0*x - 3*x = -v - 221. Let m = 231 - v. Is m composite?
False
Let d = 16118 + -10495. Is d a composite number?
False
Suppose 16 = 6*c - 2*c. Suppose -s - 3*d - 329 = -3*s, 5*s + c*d - 857 = 0. Suppose 0 = -2*w + t + 70, -s = -6*w + w + 4*t. Is w a composite number?
False
Suppose j = 4*j - 36. Suppose g + g = -j. Let h(r) = r**3 + 8*r**2 + 6*r + 1. Is h(g) a composite number?
False
Is 4/22 + (-3015)/(-55) prime?
False
Suppose -2*x = 6, v + 0*x = 3*x + 12. Let y(u) = 7*u**3 - 4*u. Is y(v) prime?
False
Let q = 4 + -1. Is q + 1 + -2 - -31 a prime number?
False
Is 4/(-14) + (-536)/(-14) composite?
True
Let c be (10/4)/(4/8). Suppose c*f = -k + 1470, -f + 4*k + 237 = -36. Is f a composite number?
False
Let a(m) = m + 2. Let q be a(-2). Suppose 5*p - 4*p - 307 = q. Is p prime?
True
Let q = 811 + -536. Let b = q + -126. Is b a composite number?
False
Let k = 18 - 40. Let i be k/(-5) - 2/5. Suppose -i*p = -5 - 71. Is p a prime number?
True
Let l = -164 - -516. Suppose -2*m = -6*m + l. Let q = 33 + m. Is q composite?
True
Let y = 97 - 54. Is y prime?
True
Suppose 5*a = -3 - 12. Is (-98)/a + 2/6 composite?
True
Let k(s) = 2*s**3 - 5*s**2 + 2*s + 3. Let p be k(4). Suppose -z + 2*z = p. Is z a composite number?
False
Let u(w) = -w**3 + 7*w**2 + w + 3. Suppose -8*m + 3*m - 20 = 0, -26 = -2*g + 5*m. Suppose g*a = -0*a + 21. Is u(a) prime?
False
Let l(s) = s**2 + 2*s - 1. Let r be l(-3). Suppose o - r*o = -95. Is o prime?
False
Suppose 2*j - j - 67 = 0. Is j prime?
True
Let z(v) = 576*v**2 + 2*v - 1. Is z(-1) prime?
False
Let t(s) = 10*s + 2. Let u be t(-6). Let j = u + 105. Is j composite?
False
Suppose -2*t + 24 = 4*m, 14 = 3*t + 3*m - 7. Is (5/t)/((-1)/(-82)) prime?
False
Suppose -3*q = -5*u + 1805, 0*q = -4*u + q + 1451. Let j = -1 - -4. Suppose -7*z = -j*z - u. Is z prime?
False
Suppose -8 + 0 = -2*f. Is 150 + (1 - -2 - f) a composite number?
False
Suppose 54 = 2*h - 146. Let u = 147 - h. Is u prime?
True
Let c = -1224 + -330. Is 3/(-1)*c/18 a composite number?
True
Is (5370/(-45))/(2*(-1)/9) composite?
True
Let t = 8 + 4. Is (159/(-12))/((-3)/t) a prime number?
True
Let h(f) = 373*f**3 - f**2 + 3*f - 2. Is h(1) prime?
True
Suppose 50 - 7 = -5*y - 2*a, 3*a + 19 = -y. Let d(x) = -8*x - 1. Is d(y) composite?
True
Is 728/(4/1) - -3 a prime number?
False
Suppose -6 - 6 = -i. Suppose -g + i = g. Is ((-14)/(-3))/(g/27) a prime number?
False
Let s(w) = -16*w - 5. Let g be (-4)/(-2) - 0/1. Suppose -v + 5*h - 11 = 10, 5*v - g*h + 36 = 0. Is s(v) composite?
True
Suppose 56269 = 10*i + 8459. Is i a composite number?
True
Let f = 653 + 254. Is f composite?
False
Suppose 4*u - 5*h + 90 = 0, 5*u - 66 = -4*h - 199. Let s = u - -46. Is s a prime number?
False
Suppose 0 = o + 3*o - 28. Let v be ((-20)/35)/((-2)/o). Suppose -4*d + 176 = -4*q, q - v*q = 2*d - 94. Is d a prime number?
False
Let w = 1 + -1. Suppose w = 3*p - 56 - 85. Is p prime?
True
Suppose 2*u - 4321 = -3*s + 3270, -7588 = -3*s - 5*u. Is s composite?
False
Suppose -4*a - 5*r + 182 = -159, -311 = -4*a + r. Is a composite?
False
Suppose -s - 2*o - 1 = 0, -5 = 4*s - s + 5*o. Let n(m) = 11*m + 3. Let z be n(s). Let u = z + 117. Is u a composite number?
True
Suppose -8 = -3*h + 10. Is h a prime number?
False
Let g = -178 + 313. Suppose -4*r - f = -g, -4*f = -2 + 22. Is r a prime number?
False
Is ((-7)/21)/(1/(-39)) prime?
True
Let w(r) = r**2 - 2*r - 3. Let n be w(4). Suppose 3*d = 4*f - 120, 0*f + 2*f = n*d + 186. Let m = d + 71. Is m prime?
False
Let v = -1089 + 1984. Is v composite?
True
Let s(d) = -508*d**2 + 2*d + 1. Let x be s(-1). Let y = x + 988. Is y a prime number?
True
Is ((-846)/(-45))/(1/25) - 3 prime?
True
Let q be ((-2)/(-2) - -1) + 20. Suppose -4*b = -q - 54. Is b composite?
False
Is ((-6)/10)/(17/(-7565)) composite?
True
Let p = -1050 + 1603. Is p a prime number?
False
Suppose 5*u = 0, 4*g - 23 = 5*u + 41. Suppose 2*d + i - 321 = 565, 4*i = -g. Is d a prime number?
False
Suppose -3*n - n = 3*b + 1, -n + 14 = -4*b. Suppose 0 = -3*j + 585 + 1032. Suppose a = x - 126, -4*x - a = n*a - j. Is x prime?
True
Let l(f) = -2*f**3 - 10*f**2 - 7*f + 3. Is l(-10) composite?
True
Suppose -5*s = -8*s + 27. Suppose v = -2*v + s. Is (-2)/v*126/(-12) a prime number?
True
Suppose -x + 16 = -26. Let d = 78 - x. Suppose 3*g - d = -4*l, 3*g = 5*l - 16 - 2. Is l a prime number?
False
Is 6/3*(-602)/(-4) a prime number?
False
Suppose 5*y + 11 = -34. Let z(p) = p**2 + 9*p + 2. Let f be z(y). Suppose -f*m = a + a - 42, 0 = 5*a + 3*m - 113. Is a a prime number?
False
Suppose 15 = x - 514. Is x a composite number?
True
Suppose -4*y - 5*c + 410 = y, y + 5*c - 66 = 0. Suppose -l - y = 3*p, -3*l + 4*l - 4 = 0. Is (17/(-2))/(3/p) a composite number?
True
Let p = -8 + 3. Is (p/15)/(1/(-9)) composite?
False
Let w(n) = n**3 - 11*n**2 + 4*n + 15. Suppose f - 9 = 2. Let v = 0 + f. Is w(v) a prime number?
True
Let j(p) = p**3 + 17*p**2 - 8*p + 9. Let l(k) = 2*k**2 - k + 1. Let u = -126 - -177. Let t(o) = u*l(o) - 6*j(o). Is t(-2) composite?
True
Suppose -3 = o - 0. Let w(g) = 6*g**2 - g + 3. Let v be w(o). Suppose -v + 25 = -l. Is l a composite number?
True
Suppose -4*q = -6*q + 514. Is q prime?
True
Let l(d) = -425*d + 42. Is l(-5) a composite number?
True
Let m = -201 - -395. Is m prime?
False
Let f(h) = -8*h - 4. Let u be f(-3). Suppose -2*t = 5*z - 12, -4*z - 3*t = -4*t - u. Suppose -b = -4*y - 0*b + 128, 4*y - z*b - 116 = 0. Is y composite?
True
Let o be (-11436)/16 